 60/(-9)*-6 + h. Calculate the greatest common divisor of q and 296.
37
Suppose 0 = 2*t - 2*n - 54, 2*t = 6*t + 5*n - 117. Let y = -72 - -68. Let l = y - -18. Calculate the greatest common divisor of l and t.
14
Let n be (4/5)/(4 + (-295)/75). Suppose -4*s + 532 = -92. Calculate the greatest common divisor of s and n.
12
Let v(u) = -28*u - 672. Let g be v(-26). What is the greatest common factor of g and 70?
14
Let j = -41 - -56. Suppose 0 = 5*z - j*z + 320. Suppose -2*o = o - 144. Calculate the greatest common factor of o and z.
16
Let o(y) = -2*y**3 - 5*y**2 - y - 3. Let g be o(-3). Let m = g - -13. Let w be (-8)/(-44) - (-172)/m. What is the greatest common divisor of 40 and w?
8
Let g = 1058 + -626. What is the highest common divisor of 192 and g?
48
Let w(p) = 67*p**3 + p - 2. Let a be w(1). Suppose -4*u = -3*g + 70, -4*g = 4*u - 0*u - 84. What is the highest common divisor of a and g?
22
Let v = 109 - 73. Let o = v + -6. What is the highest common factor of 75 and o?
15
Let c = -6 - -17. Let a = c + -11. Suppose -4*u + 47 = 2*g + u, 2*g - u - 29 = a. What is the highest common divisor of 8 and g?
8
Suppose 12 = -27*b + 849. Calculate the greatest common factor of b and 992.
31
Let q = -7 + 34. Let p be 3 - (-5)/((-20)/408). Let v be (p/4)/(3/(-36)). Calculate the greatest common divisor of v and q.
27
Let s be (6 - 1)*(15 - 5). Calculate the highest common factor of 2950 and s.
50
Let t(b) = -34*b + 7. Suppose 0 = -3*c + 3*l, -14 + 6 = 4*l. Let k be t(c). Calculate the greatest common factor of 60 and k.
15
Let m be 5*(36/(-60) - 26/(-10)). Suppose 0 = 2*g - 4*d - 14, -m*g + 3*d + 35 = -5*g. What is the highest common divisor of 14 and g?
7
Let d(j) = 20*j - 17. Let l = 23 + -9. Let k be d(l). Suppose k = 4*a + 87. Calculate the greatest common divisor of 11 and a.
11
Let i(u) = -u**3 + 21*u**2 + 27*u - 6. Let r be i(22). Calculate the greatest common factor of r and 24.
8
Let f(w) = w**3 + w**2 - 14*w + 13. Let c be f(-4). What is the highest common divisor of c and 588?
21
Suppose 16*s = 3*s + 728. What is the highest common divisor of s and 8?
8
Let g(r) = -3*r**2 - r - r**3 - 774 + 4*r**2 + 775. Let u be g(-3). Calculate the greatest common factor of 40 and u.
40
Let g be (5/(-2))/((-4)/16). Suppose -u - g = -2*u. What is the greatest common factor of u and 10?
10
Suppose m + 3*i = 53 + 7, 0 = 3*i - 12. Suppose 0*x = -2*x. Suppose x = 2*q - 7*q + 60. What is the highest common divisor of m and q?
12
Suppose 603 = 8*b - 5*b. Let z = b + -138. Let w(r) = -21*r**3 + r**2 - 1. Let c be w(-1). What is the highest common factor of z and c?
21
Let x(c) = 5*c + 3. Let h be x(0). Suppose -h*t = -w + 19, -2*w - w + 33 = -t. What is the greatest common factor of w and 4?
2
Suppose 0 = -2*w + w + 8. Suppose 4*x - 40 = 2*x. Calculate the greatest common divisor of x and w.
4
Let t(j) = j**2. Suppose 5*x - 25 = -2*z, 0*z - 2*z - x + 13 = 0. Suppose 0 = -5*a - 0 - z. Let k be t(a). What is the greatest common divisor of k and 8?
1
Let u = -265 + 628. What is the greatest common divisor of 66 and u?
33
Suppose 4 = 3*l - i, -3*l + 3*i - 2 = -i. Suppose -k + 35 - l = 0. Suppose -6*d = 9 - 75. Calculate the greatest common factor of k and d.
11
Let w(n) = 1 + 5*n**2 + 3*n - 3*n + n - 2. Let x be w(-4). Let r be (-2)/8 + (-404)/(-16). Calculate the highest common factor of x and r.
25
Suppose -4*z + 5*y = -1 + 2, 0 = -4*y + 20. Suppose -3*n + 34 = 5*m - z, 0 = -5*m + 3*n + 40. Let r = -23 + 79. What is the highest common divisor of m and r?
8
Let y(v) be the second derivative of v**3/3 - 15*v**2/2 - 8*v. Let l be y(9). What is the greatest common factor of 1 and l?
1
Suppose 165 = 6*s - 363. Suppose j = -2*j + 33. Calculate the highest common divisor of j and s.
11
Suppose 4*k = 4*y, -5*k + 8 = 3*y - 0*y. Let u be (-10)/40 + 90/8. What is the highest common factor of y and u?
1
Suppose 5*f = 18*f - 442. Calculate the highest common factor of f and 578.
34
Let d be -15*(1/(-4) + (-1)/12). Let q be (-4 + d)/(-4*4/(-1152)). Calculate the greatest common divisor of 108 and q.
36
Suppose 448 = 175*t - 167*t. Calculate the highest common factor of 7 and t.
7
Let z be 6*(-8)/(-48)*(-4 - -3204). Calculate the highest common divisor of 80 and z.
80
Let h(v) = 11 + 1 + 5 + 2*v + 0. Let j be h(5). What is the greatest common divisor of j and 135?
27
Let x be -45*1/2*(-264)/22. What is the greatest common factor of x and 216?
54
Let a(i) = i**2 - 3*i + 5. Let d be a(-4). Let q(f) = -f**3 + 19*f**2 + 5*f - 62. Let h be q(19). What is the greatest common factor of d and h?
33
Suppose -2*d = 14*d - 112. Calculate the greatest common factor of d and 7.
7
Let w be (-1 - 2) + 15 + 33. Suppose 24*a - 10*a - 70 = 0. Calculate the highest common divisor of a and w.
5
Suppose 5*o - 15 = -5*y, 0*y + 4*y + 3 = o. Suppose -2*b + 81 = b - o*d, 5*d - 25 = 0. What is the highest common factor of 4 and b?
4
Suppose c - 5*s - 57 = 8, -5*c = -s - 445. Calculate the highest common divisor of c and 10.
10
Suppose -145 = -9*c + 4*c. Let h = 42 - c. Let k = h + 2. Calculate the highest common factor of 3 and k.
3
Let t(a) = -a + 60. Let g be t(9). Calculate the highest common divisor of 17 and g.
17
Let b(d) = -26*d + 2. Let x be b(3). Let i be 4/12 + x/(-6). Suppose -i = -5*j + 5*o - 3, 4*o = 2*j. Calculate the greatest common factor of j and 10.
2
Let i = 262 - 241. Calculate the greatest common divisor of i and 63.
21
Let t = -2000 + 2242. Let l be -1 + 26 + -2 + -1. What is the highest common divisor of l and t?
22
Let s(h) = -13*h - 110. Let p be s(-16). What is the greatest common factor of p and 539?
49
Suppose -w - 100 = -5*w. Suppose 4*r - 5*a = 22, 3*a - 5 - 1 = -4*r. Suppose r*t - 8*t = -25. Calculate the greatest common divisor of w and t.
5
Let r be ((-4)/14)/((-2)/70*1). Calculate the highest common divisor of 10 and r.
10
Suppose 2*w - p - 134 = -4*p, 2*w = 2*p + 144. Let x(o) = o - 2. Let f be x(-4). Let j be 56/6 - f/9. What is the highest common factor of j and w?
10
Let p be ((-777)/(-84))/((-1)/(-8)). What is the highest common factor of p and 37?
37
Suppose -19*v + 28495 = 5980. What is the greatest common divisor of 60 and v?
15
Suppose -12 = -y - 5*y. Suppose 380 = 3*b - y*v, -7*b + 629 = -2*b + v. Calculate the highest common divisor of b and 14.
14
Let g = 15 - 5. Let h(z) = -z + 51. Let y be h(11). Calculate the greatest common factor of y and g.
10
Let g = 27 + -6. Let m = g - 9. What is the highest common factor of 60 and m?
12
Let w(k) = -k**2 - 24*k - 17. Let v be w(-16). What is the highest common factor of v and 3?
3
Suppose 1393*c = 1375*c + 1782. Suppose o + 3*o = 92. Suppose 2*z - z + o = 2*a, -3*z + 52 = 5*a. Calculate the highest common factor of c and a.
11
Suppose 2*y - 64 = 3*v - 202, -2*v + 91 = -y. Suppose -v - 4 = -2*p. What is the highest common divisor of p and 40?
8
Let p be ((-20)/6)/(5/660*-8). Calculate the highest common factor of p and 1155.
55
Suppose -33*v + 1051 = 61. What is the highest common divisor of 255 and v?
15
Suppose 168 = 17*d - 10*d. What is the highest common factor of d and 4?
4
Suppose 5*r - 3*h + 275 = 0, -3*h + 24 = -r - 43. Let u = r - -96. Suppose -3*a - 2*a = 2*s - u, -2*s = -4. Calculate the highest common factor of 16 and a.
8
Let b(o) = -8 - 6*o**2 + 22*o**3 - 37*o**3 + 5*o + 14*o**3. Let j be b(-7). What is the greatest common divisor of 3 and j?
3
Let w = -106 + 196. What is the greatest common divisor of 108 and w?
18
Suppose -305 = -3*d - 197. What is the greatest common divisor of 162 and d?
18
Let b(m) = 11*m. Let f be b(2). Suppose -6*o = -2*o + 184. Let g = o + 79. What is the greatest common factor of g and f?
11
Let b = 1762 - 1270. What is the highest common divisor of b and 12?
12
Let v(r) = r**2 - 73. Let u be v(-9). What is the greatest common divisor of 2 and u?
2
Let p be (62 - (5 - 5))/(10/25). Calculate the highest common factor of 279 and p.
31
Let c be 3/(-2 + (-62)/(-28)). Suppose -3*r - 5*d + 149 + 323 = 0, 0 = -4*d + 8. Calculate the highest common divisor of c and r.
14
Let n(x) = -48*x - 45. Let s be n(-4). Calculate the highest common divisor of 98 and s.
49
Let l = 39 + 202. Let i be 1/2*-43*2. Let j = i + l. What is the highest common divisor of j and 22?
22
Suppose 5*d + 2*z = -